2, 13
Suppose 5*i = -2*k + 19, 0*i = -5*k - 4*i + 22. Let o be -34 + (8/k - 0). Let s = o - -83. What are the prime factors of s?
53
Suppose 79*f - 84*f = -860. Suppose 2*i - f = 4. List the prime factors of i.
2, 11
Let q = -48 - -46. List the prime factors of (-3*q/(-9))/((-6)/1467).
163
Let y = 26 + -21. Suppose -7 + y = -n. Suppose 4*p - 35 - 177 = 4*o, -4*p - n*o = -212. What are the prime factors of p?
53
Suppose -3*o + 889 = 4*r, o = 4*r - 81 + 372. List the prime factors of o.
5, 59
Let h = -2962 + 3023. List the prime factors of h.
61
Let j be (-125)/(-75) + (-1)/(-3). Suppose -k - j*x = 21 - 120, 4*k + x - 417 = 0. List the prime factors of k.
3, 5, 7
Let s(u) = -u + 1. Let c be s(-1). Let q = 12 - -50. Let d = q - c. List the prime factors of d.
2, 3, 5
Let g(v) = -3*v + 271*v**3 - 272*v**3 - 6*v**2 + 7 - 2*v**2 + 2. Let f = 12 + -20. List the prime factors of g(f).
3, 11
Let k(c) be the first derivative of -c**4/4 + 10*c**3/3 - 3*c**2 + 12*c + 3. Let w be k(8). List the prime factors of ((-1)/(-2))/(2/w).
23
Let y be -90 + ((-20)/(-4) + -3)*-1. Let m = -51 - y. What are the prime factors of m?
41
List the prime factors of 606*((-16)/(-12))/2.
2, 101
Let w be 8/2*(-6)/(-8). Suppose -w*f + 17 = -2*y, 0*f + 4*y + 25 = 3*f. Suppose f*p = 5*p - 50. List the prime factors of p.
5
Let n(m) = -45*m**3 - 2*m**2 + 1. Let t(c) = 3*c. Let w be t(7). Let q = w + -22. List the prime factors of n(q).
2, 11
List the prime factors of (-4)/(-24) + (-2427)/(-18).
3, 5
Let t(f) = -123*f - 151. What are the prime factors of t(-6)?
587
Let b(p) = 8*p + 4 - 2 - 4 - 2. Suppose 0 = -l - 0 + 3. What are the prime factors of b(l)?
2, 5
Let c(k) = -k. Let f(o) = -6*o + 16. Let p(w) = -10*c(w) + f(w). Let x be p(-16). Let r = -4 - x. What are the prime factors of r?
2, 11
Let d(p) = p**3 + 21*p**2 + 18*p - 27. List the prime factors of d(-12).
3, 13
Suppose -10 + 25 = 3*r. Suppose -6*u + 103 = -r*u. What are the prime factors of u?
103
Suppose -3*b + 7 = -2*g, 1 = -b + g + 5. Let f(i) = -9*i**2 - 5*i**2 + 13*i**2 - 15*i**3 + 1. List the prime factors of f(b).
3, 5
Suppose -42*x - 1644 = -44*x. What are the prime factors of x?
2, 3, 137
Let m be -4 - (-7 - -5) - 411. Let n = m + 671. List the prime factors of n.
2, 3, 43
Suppose -5*o + 3*u + 4230 = 1131, 5*o - 3081 = -3*u. What are the prime factors of o?
2, 3, 103
Let x(l) be the first derivative of l**3/3 - 19*l**2/2 + 21*l - 10. Let k be x(18). Suppose k*p + 38 = 5*p. List the prime factors of p.
19
Let o(t) = -t**2 - 4*t - 6. Let p be o(-4). Let y be (-2)/4*(2 + p). Suppose -10 = -y*w + 30. List the prime factors of w.
2, 5
Suppose 2*b - 4*x - 324 = 0, 2*b = 5*x + 53 + 276. List the prime factors of b.
2, 19
Let a be 2/(8/12) - -7. Let h(r) = 4*r. What are the prime factors of h(a)?
2, 5
Let z(f) = 96*f**3 + f**2 - f + 1. Let s be z(1). Let k be (39/26)/(3/136). Suppose -3*r + s = -k. What are the prime factors of r?
5, 11
Let l(y) = y**2 + 14*y + 11. Let d be l(-7). Let o = d - -106. Let j = -13 + o. List the prime factors of j.
5, 11
Let z(c) = c**3 - 4*c + 3. Let q be z(2). Suppose -i - i - 359 = -q*a, -4*a + 476 = -4*i. List the prime factors of a.
11
Suppose -z - 6*q + 10*q = -1304, 5*z - 6520 = -4*q. What are the prime factors of z?
2, 163
Let o be (-10)/60 + 89/(-6). List the prime factors of 14/35 - (1254/o + 1).
83
Let b(g) = -3*g**2 + 4*g - 3. Let t be b(2). Let j(m) = 7*m + 45. Let r(l) = 3*l + 22. Let i(d) = -2*j(d) + 5*r(d). List the prime factors of i(t).
13
Suppose 0 = 4*y + 3*y - 1904. What are the prime factors of y?
2, 17
Suppose -8*n + 65 = -13*n. Let t = 15 + n. Suppose 0 = 2*m - 5*m + 3*w + 18, 3*w + 16 = t*m. What are the prime factors of m?
2
Let s(g) = -3*g + 3. Let h be s(-6). Suppose -16*m - 3 = -15*m. List the prime factors of 518/h + 2/m.
2, 3
Let k be -3*(4/(-6))/(-1). Let z = 22 - 23. List the prime factors of (k - -3)/(z/(-21)).
3, 7
Suppose 0 = -5*v + d + 15, -v + 2*d = -3*d - 3. Suppose -v*p + 424 = p. What are the prime factors of p?
2, 53
Suppose -9*i - 880 = -2095. Suppose -i = -14*o + 5*o. List the prime factors of o.
3, 5
Let d be -15 + -9 + -4*1. What are the prime factors of d/(-42)*(31 - 1)?
2, 5
Let x be 926/4 + (-3)/2. Suppose -3*v = -151 - x. What are the prime factors of v?
127
Suppose 104 = 4*d - 592. Suppose 0 = 2*n - 4*n + d. Suppose 3*z = -b + n, 4*b - 6 = 6. List the prime factors of z.
2, 7
Let a be ((-2)/(-6))/(10/(-30)). Let n be a/((-2)/10) + -3. Suppose 0 = -x - n*x + 54. What are the prime factors of x?
2, 3
Let z = 52 - 55. What are the prime factors of (-1)/4 - z/(12/233)?
2, 29
Let f(m) = m**2 + 8*m + 17. Let x be f(-5). Let y be (x/(-4))/(6/264). Let q = y - -63. What are the prime factors of q?
41
Suppose w - 4*a = 317, 6*a - 8 = 8*a. What are the prime factors of w?
7, 43
Let h be 1386/(-171) + 2/19. Let q(w) be the third derivative of -7*w**4/24 - 13*w**3/6 + w**2. List the prime factors of q(h).
43
Suppose 12*l - 11*l - 14 = 0. Let s = l - 5. Let t(a) = 4*a - 6. List the prime factors of t(s).
2, 3, 5
Let s(h) = -4*h**3 + h**2 + 3*h - 2. What are the prime factors of s(-7)?
2, 3, 233
Let v be (-274)/(-1) - (-15 - -11). Suppose 0 = -3*w + 1 + v. Suppose -o = 4*z - w, 4*z - 3*o = 6*z - 49. What are the prime factors of z?
23
Let l(t) be the second derivative of -2*t**3/3 + 29*t**2/2 + 17*t. List the prime factors of l(-18).
101
Suppose 0 = 4*g - 3 - 9. Suppose -3*p + 4*i + 35 + 70 = 0, -5*i + 132 = g*p. List the prime factors of p.
3, 13
List the prime factors of -1704*((-5)/25 + 6/(-20)).
2, 3, 71
Let t = -8 + 9. Let u be 7 - 2/t - 1. Suppose u*g = -0*g + 20. List the prime factors of g.
5
Let i(g) = 2*g**3 - g**2 - 6*g + 4. Let x be i(4). Let t = -17 - 30. Let u = x + t. List the prime factors of u.
3, 5
Let w = 126 - 36. Let a be (w + 0)/(-5 + 6). Let l = -59 + a. What are the prime factors of l?
31
Let a(b) = -b**3 - 9*b**2 - 9*b - 11. Let k be a(-8). Let j be ((-1)/k)/(11/(-165)). Let g(n) = n**2 - 4*n - 12. What are the prime factors of g(j)?
3, 11
Suppose 4*j + 6*j - 5740 = 0. What are the prime factors of j?
2, 7, 41
Let n(u) = u**2 - 1. Let v(k) = -k**3 - 15*k**2 - 7*k + 13. Let x(q) = -2*n(q) - v(q). List the prime factors of x(-12).
7
List the prime factors of 34 + -33 + 2019/3.
2, 337
Suppose 5*z - 56 = -2*z. Let x = z + 13. What are the prime factors of x?
3, 7
What are the prime factors of (81/6)/3*54?
3
Suppose -o + 7 + 18 = 0. Let q(v) = 3 - v - o*v**3 + 4*v**2 + 6*v + 24*v**3. List the prime factors of q(-2).
17
Suppose -111 = 4*b - 119, -3*c = -5*b - 4466. What are the prime factors of c?
2, 373
Suppose 0 = -5*l - 2*l. Suppose -99 = -3*i - l*i + 2*r, -5*r = 0. What are the prime factors of i?
3, 11
Let d(g) = 94*g**3 + g**2 + 3*g + 2. Let t be d(-1). Let f = t + 167. List the prime factors of f.
73
Suppose 4*r + 799 = 3959. What are the prime factors of r?
2, 5, 79
Suppose 2*l = 26 - 12. Suppose 0 = -l*w + 786 + 733. What are the prime factors of w?
7, 31
Let z = -89 - -297. Let c = z - 18. What are the prime factors of c?
2, 5, 19
Let x(d) = 3*d**2 + 8*d - 1. Let g be x(-8). Suppose 0*u = 3*u + n - g, 4*u = 5*n + 144. What are the prime factors of u?
41
Let z(b) = 2*b**3 - 2*b**2 - b - 1. Let o be z(2). Suppose -o*y = -4*y - 37. What are the prime factors of y?
37
Let u(x) = x - 25. Let w(o) = -2*o + 76. Let v(t) = -17*u(t) - 6*w(t). List the prime factors of v(-10).
19
Suppose 32 = 14*n - 6*n. Suppose n*a = b - 94, -a + 5*a - 566 = -5*b. What are the prime factors of b?
2, 5, 11
Let b(h) = 28*h**2 + 507*h + 10. What are the prime factors of b(-23)?
29, 109
Suppose 2*s - 28 = -3*w, 3*w - 17 - 3 = -s. Let u(q) be the third derivative of q**4/6 - 4*q**3/3 + 4*q**2. What are the prime factors of u(s)?
2, 3
Suppose o + 3*o + 18 = -2*j, -2*o = -4*j + 4. Let g be 102/o*8/12. Let n = 24 + g. What are the prime factors of n?
7
Let b(n) = -3*n - 10. Let x be b(-7). Let c(k) = -6*k + 1 - 3*k - x - 6*k. What are the prime factors of c(-4)?
2, 5
Let r(o) be the first derivative of 1 + o**3 - 1/4*o**4 + 3*o - o**2. List the prime factors of r(2).
3
Let b = 210 + 1046. What are the prime factors of b?
2, 157
Let k = -182 - -398. Suppose z - k = -q, -200 = -z - 4*q + 7*q. What are the prime factors of z?
2, 53
Suppose -6*k = -3*s - 5*k +